{"id":571,"date":"2017-01-04T12:56:59","date_gmt":"2017-01-04T11:56:59","guid":{"rendered":"http:\/\/www.terratair.com\/Blog\/?page_id=571"},"modified":"2017-01-09T18:41:30","modified_gmt":"2017-01-09T17:41:30","slug":"la-bouillabaisse","status":"publish","type":"page","link":"https:\/\/www.terratair.com\/Blog\/la-bouillabaisse\/","title":{"rendered":"La Bouillabaisse"},"content":{"rendered":"<p>Cette recette a \u00e9t\u00e9 pr\u00e9par\u00e9e de main de ma\u00eetre par mes copains p\u00eacheurs de Martigues lors de la f\u00eate de la Gastronomie \u00e0 l&rsquo;Auberge de la Feni\u00e8re chez Reine Sammut \u00e0 Lourmarin.<img loading=\"lazy\" decoding=\"async\" class=\"alignright\" src=\"http:\/\/www.terratair.com\/Blog\/wp-content\/uploads\/2016\/09\/FB_IMG_1474799595188-199x300.jpg\" alt=\"\" width=\"199\" height=\"300\" \/><\/p>\n<p>Recette de cuisine pour 6 personnes<\/p>\n<p align=\"LEFT\">Pr\u00e9paration : 1h<\/p>\n<p align=\"LEFT\">Cuisson : 1h30<\/p>\n<p align=\"LEFT\">Ingr\u00e9dients :<\/p>\n<ul>\n<li>\n<p align=\"LEFT\">4 rascasses<\/p>\n<\/li>\n<li>\n<p align=\"LEFT\">4 vives<\/p>\n<\/li>\n<li>\n<p align=\"LEFT\">4 rougets grondins<\/p>\n<\/li>\n<li>\n<p align=\"LEFT\">1 queue de baudroie ou 4 tranches<\/p>\n<\/li>\n<li>\n<p align=\"LEFT\">1 Saint-Pierre<\/p>\n<\/li>\n<li>\n<p align=\"LEFT\">4 tranches de fi\u00e9las<\/p>\n<\/li>\n<li>\n<p align=\"LEFT\">1 chapon<\/p>\n<\/li>\n<li>\n<p align=\"LEFT\">4 pommes de terre<\/p>\n<\/li>\n<li>\n<p align=\"LEFT\">2 gousses d&rsquo;ail<\/p>\n<\/li>\n<li>\n<p align=\"LEFT\">1 oignon<img loading=\"lazy\" decoding=\"async\" class=\"alignright\" src=\"http:\/\/www.terratair.com\/Blog\/wp-content\/uploads\/2016\/09\/FB_IMG_1474799621093-199x300.jpg\" alt=\"\" width=\"199\" height=\"300\" \/><\/p>\n<\/li>\n<li>\n<p align=\"LEFT\">1 bouquet de persil<\/p>\n<\/li>\n<li>\n<p align=\"LEFT\">4 tomates<\/p>\n<\/li>\n<li>\n<p align=\"LEFT\">0,2g de safran de Provence en filaments<\/p>\n<\/li>\n<li>\n<p align=\"LEFT\">Sel, poivre, huile d&rsquo;olive<\/p>\n<\/li>\n<\/ul>\n<p align=\"LEFT\">Pour la soupe\u00a0:<\/p>\n<ul>\n<li>\n<p align=\"LEFT\">1kg de poissons de roche (\u00e9caill\u00e9s et vid\u00e9s)<\/p>\n<\/li>\n<li>\n<p align=\"LEFT\">2 oignons<\/p>\n<\/li>\n<li>\n<p align=\"LEFT\">6 gousses d&rsquo;ail<\/p>\n<\/li>\n<li>\n<p align=\"LEFT\">4 tomates<\/p>\n<\/li>\n<li>\n<p align=\"LEFT\">fenouil, persil, laurier<\/p>\n<\/li>\n<li>\n<p align=\"LEFT\">sel, poivre piment de Cayenne<\/p>\n<\/li>\n<li>\n<p align=\"LEFT\">0,2g de safran de Provence en filaments<\/p>\n<\/li>\n<li>\n<p align=\"LEFT\">huile d&rsquo;olive<\/p>\n<\/li>\n<\/ul>\n<p align=\"LEFT\">En cuisine :<img loading=\"lazy\" decoding=\"async\" class=\"alignright\" src=\"http:\/\/www.terratair.com\/Blog\/wp-content\/uploads\/2016\/09\/FB_IMG_1474799399110-199x300.jpg\" alt=\"\" width=\"199\" height=\"300\" \/><\/p>\n<p align=\"LEFT\">Pr\u00e9parer la marinade pour les poissons\u00a0:<\/p>\n<ol>\n<li>\n<p align=\"LEFT\">\u00c9plucher et hacher les oignons et les gousses d&rsquo;ail<\/p>\n<\/li>\n<li>\n<p align=\"LEFT\">Peler, \u00e9p\u00e9piner et concasser les tomates<\/p>\n<\/li>\n<li>\n<p align=\"LEFT\">Saler, poivrer, ajouter l&rsquo;huile d&rsquo;olive, le persil hach\u00e9 et le safran grossi\u00e8rement hach\u00e9 au couteau<\/p>\n<\/li>\n<li>\n<p align=\"LEFT\">Placer les poissons dans un grand plat et verser la marinade dessus<\/p>\n<\/li>\n<\/ol>\n<p align=\"LEFT\">Pendant que le poisson marine, pr\u00e9parer la soupe de poisson\u00a0:<\/p>\n<ol>\n<li>\n<p align=\"LEFT\">Rincer les poissons de roche et vider les plus gros<\/p>\n<\/li>\n<li>\n<p align=\"LEFT\">\u00c9plucher et hacher les oignons et les gousses d&rsquo;ail<\/p>\n<\/li>\n<li>\n<p align=\"LEFT\">Peler, \u00e9p\u00e9piner et concasser les tomates<\/p>\n<\/li>\n<li>\n<p align=\"LEFT\">Dans un rondeau faire revenir dans l&rsquo;huile d&rsquo;olive les oignons et l&rsquo;ail<\/p>\n<\/li>\n<li>\n<p align=\"LEFT\">Laisser fondre 15mn puis ajouter les poissons de roche et les aromates. Lorsque tout est bien revenu ajouter le<img loading=\"lazy\" decoding=\"async\" class=\"alignright\" src=\"http:\/\/www.terratair.com\/Blog\/wp-content\/uploads\/2016\/09\/FB_IMG_1474799392007-199x300.jpg\" alt=\"\" width=\"199\" height=\"300\" \/>s tomates et apr\u00e8s quelques minutes 3 litre d&rsquo;eau<\/p>\n<\/li>\n<li>\n<p align=\"LEFT\">Laisser cuire pendant 1h puis passer au presse-pur\u00e9e puis au chinois<\/p>\n<\/li>\n<li>\n<p align=\"LEFT\">assaisonner et ajouter le safran<\/p>\n<\/li>\n<\/ol>\n<p align=\"LEFT\">Pr\u00e9parer la rouille, couper le pain en tranches et les faire toaster puis les frotter d&rsquo;ail<\/p>\n<p align=\"LEFT\">Cuir les poissons\u00a0:<\/p>\n<ol>\n<li>\n<p align=\"LEFT\">\u00c9plucher et laver les pommes de terre, les couper en rondelles<\/p>\n<\/li>\n<li>\n<p align=\"LEFT\">Les placer au fond d&rsquo;un grand faitout, recouvrir des poissons en commen\u00e7ant par ceux \u00e0 chair ferme, couvrir de soupe de poisson et laisser cuire \u00e0 feu fort au d\u00e9but puis \u00e0 feu doux pendant 10 \u00e0 15 minutes<\/p>\n<\/li>\n<\/ol>\n<p align=\"LEFT\">Servir la soupe dans une soupi\u00e8re, les poissons sur un plat accompagn\u00e9 de rouille et de cro\u00fbtons.<\/p>\n","protected":false},"excerpt":{"rendered":"<p>Cette recette a \u00e9t\u00e9 pr\u00e9par\u00e9e de main de ma\u00eetre par mes copains p\u00eacheurs de Martigues lors de la f\u00eate de la Gastronomie \u00e0 l&rsquo;Auberge de la Feni\u00e8re chez Reine Sammut \u00e0 Lourmarin. Recette de cuisine pour 6 personnes Pr\u00e9paration : 1h Cuisson : 1h30 Ingr\u00e9dients : 4 rascasses 4 vives\u2026 <a class=\"continue-reading-link\" href=\"https:\/\/www.terratair.com\/Blog\/la-bouillabaisse\/\">en savoir +<\/a><\/p>\n","protected":false},"author":3,"featured_media":403,"parent":0,"menu_order":0,"comment_status":"closed","ping_status":"closed","template":"templates\/template-twocolumns-right.php","meta":{"om_disable_all_campaigns":false,"sfsi_plus_gutenberg_text_before_share":"","sfsi_plus_gutenberg_show_text_before_share":"","sfsi_plus_gutenberg_icon_type":"","sfsi_plus_gutenberg_icon_alignemt":"","sfsi_plus_gutenburg_max_per_row":"","_exactmetrics_skip_tracking":false,"_exactmetrics_sitenote_active":false,"_exactmetrics_sitenote_note":"","_exactmetrics_sitenote_category":0,"_uf_show_specific_survey":0,"_uf_disable_surveys":false,"footnotes":""},"class_list":["post-571","page","type-page","status-publish","has-post-thumbnail","hentry"],"aioseo_notices":[],"_links":{"self":[{"href":"https:\/\/www.terratair.com\/Blog\/wp-json\/wp\/v2\/pages\/571","targetHints":{"allow":["GET"]}}],"collection":[{"href":"https:\/\/www.terratair.com\/Blog\/wp-json\/wp\/v2\/pages"}],"about":[{"href":"https:\/\/www.terratair.com\/Blog\/wp-json\/wp\/v2\/types\/page"}],"author":[{"embeddable":true,"href":"https:\/\/www.terratair.com\/Blog\/wp-json\/wp\/v2\/users\/3"}],"replies":[{"embeddable":true,"href":"https:\/\/www.terratair.com\/Blog\/wp-json\/wp\/v2\/comments?post=571"}],"version-history":[{"count":6,"href":"https:\/\/www.terratair.com\/Blog\/wp-json\/wp\/v2\/pages\/571\/revisions"}],"predecessor-version":[{"id":613,"href":"https:\/\/www.terratair.com\/Blog\/wp-json\/wp\/v2\/pages\/571\/revisions\/613"}],"wp:featuredmedia":[{"embeddable":true,"href":"https:\/\/www.terratair.com\/Blog\/wp-json\/wp\/v2\/media\/403"}],"wp:attachment":[{"href":"https:\/\/www.terratair.com\/Blog\/wp-json\/wp\/v2\/media?parent=571"}],"curies":[{"name":"wp","href":"https:\/\/api.w.org\/{rel}","templated":true}]}}