{"id":57,"date":"2013-11-07T23:27:00","date_gmt":"2013-11-07T22:27:00","guid":{"rendered":"http:\/\/www.terratair.com\/Blog\/?page_id=57"},"modified":"2013-11-11T00:46:54","modified_gmt":"2013-11-10T23:46:54","slug":"botanique","status":"publish","type":"page","link":"https:\/\/www.terratair.com\/Blog\/botanique\/","title":{"rendered":"Botanique"},"content":{"rendered":"<p><a href=\"http:\/\/www.terratair.com\/Blog\/wp-content\/uploads\/2013\/11\/crocus-sativus.jpg\"><img loading=\"lazy\" decoding=\"async\" class=\"aligncenter size-full wp-image-60\" alt=\"crocus-sativus\" src=\"http:\/\/www.terratair.com\/Blog\/wp-content\/uploads\/2013\/11\/crocus-sativus.jpg\" width=\"500\" height=\"600\" srcset=\"https:\/\/www.terratair.com\/Blog\/wp-content\/uploads\/2013\/11\/crocus-sativus.jpg 500w, https:\/\/www.terratair.com\/Blog\/wp-content\/uploads\/2013\/11\/crocus-sativus-250x300.jpg 250w, https:\/\/www.terratair.com\/Blog\/wp-content\/uploads\/2013\/11\/crocus-sativus-125x150.jpg 125w\" sizes=\"auto, (max-width: 500px) 100vw, 500px\" \/><\/a><\/p>\n<p>&nbsp;<\/p>\n<p><span style=\"color: #565555;\"><span style=\"font-family: verdana;\"><span><span style=\"text-decoration: underline;\">Nom (s) scientifique (s)<\/span><span style=\"text-decoration: underline;\">\u00a0<\/span><span style=\"text-decoration: underline;\">:<\/span><\/span><\/span><\/span><\/p>\n<p><span style=\"color: #565555;\"><span style=\"font-family: verdana;\"><span><i><b>Crocus sativus\u00a0<\/b><\/i><b>L.<\/b><\/span><\/span><\/span><\/p>\n<p><span style=\"color: #565555;\"><span style=\"font-family: verdana;\"><span><span style=\"text-decoration: underline;\">Famille:<\/span>\u00a0Iridac\u00e9es<\/span><\/span><\/span><\/p>\n<p><span style=\"color: #565555;\"><span style=\"font-family: verdana;\"><span><span style=\"text-decoration: underline;\">Noms vernaculaires<\/span>: safran<\/span><\/span><\/span><\/p>\n<p><span style=\"color: #565555;\"><span style=\"font-family: verdana;\"><span>Crocus sativus L. est une plante de la famille des iridac\u00e9es, dont les fleurs mauves apparaissent \u00e0 partir du d\u00e9but du mois d&rsquo;octobre sous nos latitudes. L&rsquo;extr\u00e9mit\u00e9 du pistil de cette fleur se divise en trois stigmates rouges qui s&rsquo;ouvrent en cornets dentel\u00e9s. <\/span><\/span><\/span><\/p>\n<p><span style=\"color: #565555;\"><span style=\"font-family: verdana;\"><span>Cette plante qui na\u00eet d&rsquo;un bulbe ou \u00ab cormus \u00bb, a une v\u00e9g\u00e9tation invers\u00e9e c&rsquo;est \u00e0 dire qu&rsquo;elle v\u00e9g\u00e8te pendant l&rsquo;hiver, et est dormante \u00e0 partir du printemps jusqu&rsquo;au d\u00e9but de l&rsquo;automne suivant.\u00a0<\/span><\/span><\/span><\/p>\n<p><span style=\"color: #565555;\"><span style=\"font-family: verdana;\"><span>Plante st\u00e9rile (pas de reproduction sexu\u00e9e) qui se multiplie uniquement de fa\u00e7on v\u00e9g\u00e9tative\u00a0: apparition de petits bulbes appel\u00e9s bulbilles acoll\u00e9s au bulbes principale et croissance de ces derniers au fil des cycles v\u00e9g\u00e9tatifs, se multipliant \u00e0 leur tour, et ainsi de suite &#8230;<\/span><\/span><\/span><\/p>\n<p><span style=\"color: #565555;\"><span style=\"font-family: verdana;\"><span>La plante sauvage d&rsquo;origine Crocus cartwrightianus qui donna par mutation Crocus sativus est originaire de la Gr\u00e8ce orientale. Depuis 1500 ans av. J.-C Crocus sativus serait cultiv\u00e9 dans les \u00eeles des Cyclades et probablement en Egypte. Sa culture se serait alors \u00e9tendue \u00e0 l&rsquo;Anatolie, la Sicile, l&rsquo;Afrique du Nord, au Cachemire et peut-\u00eatre \u00e0 la Chine.<\/span><\/span><\/span><\/p>\n","protected":false},"excerpt":{"rendered":"<p>&nbsp; Nom (s) scientifique (s)\u00a0: Crocus sativus\u00a0L. Famille:\u00a0Iridac\u00e9es Noms vernaculaires: safran Crocus sativus L. est une plante de la famille des iridac\u00e9es, dont les fleurs mauves apparaissent \u00e0 partir du d\u00e9but du mois d&rsquo;octobre sous nos latitudes. L&rsquo;extr\u00e9mit\u00e9 du pistil de cette fleur se divise en trois stigmates rouges qui\u2026 <a class=\"continue-reading-link\" href=\"https:\/\/www.terratair.com\/Blog\/botanique\/\">en savoir +<\/a><\/p>\n","protected":false},"author":1,"featured_media":0,"parent":0,"menu_order":0,"comment_status":"closed","ping_status":"open","template":"templates\/template-onecolumn.php","meta":{"om_disable_all_campaigns":false,"sfsi_plus_gutenberg_text_before_share":"","sfsi_plus_gutenberg_show_text_before_share":"","sfsi_plus_gutenberg_icon_type":"","sfsi_plus_gutenberg_icon_alignemt":"","sfsi_plus_gutenburg_max_per_row":"","_exactmetrics_skip_tracking":false,"_exactmetrics_sitenote_active":false,"_exactmetrics_sitenote_note":"","_exactmetrics_sitenote_category":0,"_uf_show_specific_survey":0,"_uf_disable_surveys":false,"footnotes":""},"class_list":["post-57","page","type-page","status-publish","hentry"],"aioseo_notices":[],"_links":{"self":[{"href":"https:\/\/www.terratair.com\/Blog\/wp-json\/wp\/v2\/pages\/57","targetHints":{"allow":["GET"]}}],"collection":[{"href":"https:\/\/www.terratair.com\/Blog\/wp-json\/wp\/v2\/pages"}],"about":[{"href":"https:\/\/www.terratair.com\/Blog\/wp-json\/wp\/v2\/types\/page"}],"author":[{"embeddable":true,"href":"https:\/\/www.terratair.com\/Blog\/wp-json\/wp\/v2\/users\/1"}],"replies":[{"embeddable":true,"href":"https:\/\/www.terratair.com\/Blog\/wp-json\/wp\/v2\/comments?post=57"}],"version-history":[{"count":1,"href":"https:\/\/www.terratair.com\/Blog\/wp-json\/wp\/v2\/pages\/57\/revisions"}],"predecessor-version":[{"id":62,"href":"https:\/\/www.terratair.com\/Blog\/wp-json\/wp\/v2\/pages\/57\/revisions\/62"}],"wp:attachment":[{"href":"https:\/\/www.terratair.com\/Blog\/wp-json\/wp\/v2\/media?parent=57"}],"curies":[{"name":"wp","href":"https:\/\/api.w.org\/{rel}","templated":true}]}}